{"id":64,"date":"2024-02-23T16:28:27","date_gmt":"2024-02-23T20:28:27","guid":{"rendered":"https:\/\/cenchrees.fr\/?page_id=64"},"modified":"2024-03-02T10:03:50","modified_gmt":"2024-03-02T14:03:50","slug":"equipage-qui-sommes-nous","status":"publish","type":"page","link":"https:\/\/cenchrees.fr\/?page_id=64","title":{"rendered":"EQUIPAGE \/ QUI SOMMES-NOUS"},"content":{"rendered":"\n<div class=\"wp-block-group is-layout-constrained wp-block-group-is-layout-constrained\">\n<figure class=\"wp-block-image alignleft size-large is-resized\"><img loading=\"lazy\" decoding=\"async\" width=\"1024\" height=\"896\" src=\"https:\/\/cenchrees.fr\/wp-content\/uploads\/2024\/02\/photo-equipage-2-1024x896.png\" alt=\"\" class=\"wp-image-190\" style=\"width:202px;height:auto\" srcset=\"https:\/\/cenchrees.fr\/wp-content\/uploads\/2024\/02\/photo-equipage-2-1024x896.png 1024w, https:\/\/cenchrees.fr\/wp-content\/uploads\/2024\/02\/photo-equipage-2-300x262.png 300w, https:\/\/cenchrees.fr\/wp-content\/uploads\/2024\/02\/photo-equipage-2-768x672.png 768w, https:\/\/cenchrees.fr\/wp-content\/uploads\/2024\/02\/photo-equipage-2-1536x1343.png 1536w, https:\/\/cenchrees.fr\/wp-content\/uploads\/2024\/02\/photo-equipage-2.png 1858w\" sizes=\"auto, (max-width: 1024px) 100vw, 1024px\" \/><\/figure>\n\n\n\n<p class=\"has-foreground-color has-text-color has-link-color wp-elements-654ee81ec65dbaaaf80de06e6cf0407a\">Membres d\u2019une m\u00eame famille et s\u0153urs et fr\u00e8res en Christ, nous sommes motiv\u00e9s par l\u2019envie d\u2019amarrer les \u00ab voyageurs \u00bb de la vie \u00e0 Christ. Bien que persuad\u00e9s que l\u2019action du Saint-Esprit \u00e0 elle seule peut suffire \u00e0 accomplir cette mission, nombre de personnes ont besoin d\u2019une aide ext\u00e9rieure pour les accompagner dans ce processus de restauration.<\/p>\n<\/div>\n\n\n\n<p class=\"has-foreground-color has-text-color has-link-color wp-elements-81f80512c2d0ffbd10de391ebbcadd59\">Nous sommes ce r\u00e9seau de \u00ab petites graines \u00bb partageant les m\u00eames valeurs, la m\u00eame foi, se souciant des autres et d\u00e9sireux de leur offrir une main tendue pour une vie en \u00e9quilibre. Ce, en \u00e9tant conscients de nos propres limites et du fait de servir, juste pour un temps, d\u2019escale aux voyageurs.<\/p>\n\n\n\n<p><\/p>\n\n\n\n<h3 class=\"wp-block-heading has-primary-color has-text-color has-link-color wp-elements-5ebb5a1bdd5c9b4888a03c73c06fceba\"><strong>NOTRE LEGITIMITE&nbsp;: Qu\u2019est-ce qui la fonde&nbsp;?<\/strong><\/h3>\n\n\n\n<p class=\"has-foreground-color has-text-color has-link-color wp-elements-843f8b57aa3c7933972074abc7ed0d41\">Dans ce monde qui demande des gages et qui n\u2019a foi qu\u2019en la parole d\u2019\u00ab\u00a0experts\u00a0\u00bb, nous aurions pu, afin de vous convaincre, mettre en avant <strong>nos titres<\/strong> (Directeur d\u2019\u00e9tablissement, Enqu\u00eateur, Anciens responsables d\u2019\u00e9glise\u2026), <strong>nos formations<\/strong> (Relation d&rsquo;aide, Master, Licences, Cadre de cat\u00e9gorie A\u2026) ou encore<strong> nos exp\u00e9riences professionnelles<\/strong> mais rien de tout cela ne nous qualifie.<\/p>\n\n\n\n<p class=\"has-foreground-color has-text-color has-link-color wp-elements-5772226e6419cc4c1a4d795363ebc23c\">Notre l\u00e9gitimit\u00e9 rel\u00e8ve de notre capacit\u00e9 \u00e0 r\u00e9pondre \u00e0 l\u2019appel de Dieu. Nous sommes l\u00e9gitimes parce que Dieu nous a qualifi\u00e9s\u2026 Bien plus qu\u2019un appel, Il nous a \u00e9prouv\u00e9s, fa\u00e7onn\u00e9s et \u00e9quip\u00e9s et nous rend aptes pour la mission qu\u2019Il nous confie.<\/p>\n\n\n\n<p class=\"has-foreground-color has-text-color has-link-color wp-elements-6eb4e7c16fa94b1fde25352ce9093d4f\">Et parce que nous cultivons l\u2019habitude de nous tenir aux pieds du Ma\u00eetre\u2026 nous pouvons, en toute humilit\u00e9, transmettre ce que nous apprenons de Lui\u2026<\/p>\n\n\n\n<p class=\"has-primary-color has-text-color has-link-color has-small-font-size wp-elements-a9598752fe30d5fca3ef64581aedeab0\">\u00ab\u00a0B\u00e9ni soit Dieu, le P\u00e8re de notre Seigneur J\u00e9sus-Christ, le P\u00e8re plein de compassion et le Dieu de tout r\u00e9confort! Il nous r\u00e9conforte dans toutes nos d\u00e9tresses afin que nous puissions r\u00e9conforter ceux qui se trouvent dans la d\u00e9tresse, gr\u00e2ce \u00e0 l\u2019encouragement que nous recevons nous-m\u00eames de la part de Dieu.\u00a0\u00bb \u202d\u202d2 Corinthiens\u202c \u202d1\u202c:\u202d3\u202c-\u202d4\u202c \u202dS21\u202c\u202c<\/p>\n","protected":false},"excerpt":{"rendered":"<p>Membres d\u2019une m\u00eame famille et s\u0153urs et fr\u00e8res en Christ, nous sommes motiv\u00e9s par l\u2019envie d\u2019amarrer les \u00ab voyageurs \u00bb de la vie \u00e0 Christ. Bien que persuad\u00e9s que l\u2019action du Saint-Esprit \u00e0 elle seule peut suffire \u00e0 accomplir cette mission, nombre de personnes ont besoin d\u2019une aide ext\u00e9rieure pour les accompagner dans ce processus [&hellip;]<\/p>\n","protected":false},"author":1,"featured_media":0,"parent":0,"menu_order":0,"comment_status":"closed","ping_status":"closed","template":"","meta":{"footnotes":""},"class_list":["post-64","page","type-page","status-publish","hentry"],"_links":{"self":[{"href":"https:\/\/cenchrees.fr\/index.php?rest_route=\/wp\/v2\/pages\/64","targetHints":{"allow":["GET"]}}],"collection":[{"href":"https:\/\/cenchrees.fr\/index.php?rest_route=\/wp\/v2\/pages"}],"about":[{"href":"https:\/\/cenchrees.fr\/index.php?rest_route=\/wp\/v2\/types\/page"}],"author":[{"embeddable":true,"href":"https:\/\/cenchrees.fr\/index.php?rest_route=\/wp\/v2\/users\/1"}],"replies":[{"embeddable":true,"href":"https:\/\/cenchrees.fr\/index.php?rest_route=%2Fwp%2Fv2%2Fcomments&post=64"}],"version-history":[{"count":7,"href":"https:\/\/cenchrees.fr\/index.php?rest_route=\/wp\/v2\/pages\/64\/revisions"}],"predecessor-version":[{"id":377,"href":"https:\/\/cenchrees.fr\/index.php?rest_route=\/wp\/v2\/pages\/64\/revisions\/377"}],"wp:attachment":[{"href":"https:\/\/cenchrees.fr\/index.php?rest_route=%2Fwp%2Fv2%2Fmedia&parent=64"}],"curies":[{"name":"wp","href":"https:\/\/api.w.org\/{rel}","templated":true}]}}